-11111101?
-11010101
In base 11, what is 1908a + -2?
19088
In base 13, what is -4 + b0c0b?
b0c07
In base 12, what is 51 - 788?
-737
In base 9, what is 544 - -122?
666
In base 2, what is 10010101 - -110110011?
1001001000
In base 4, what is -22110 - -10222?
-11222
In base 6, what is 454301 - 3?
454254
In base 11, what is -18a092 + 4?
-18a089
In base 3, what is 10 - 11011021?
-11011011
In base 4, what is 13333 + 133222?
213221
In base 15, what is 25 - -c82?
ca7
In base 13, what is 4 - 215a?
-2156
In base 6, what is 3 - -10235502?
10235505
In base 6, what is 35 + 5404?
5443
In base 2, what is 1010110100111 - 1?
1010110100110
In base 13, what is -4c - -1a3?
154
In base 4, what is 1 - 23310013?
-23310012
In base 14, what is 27b4 + -10?
27a4
In base 16, what is -559b - -82?
-5519
In base 3, what is 22022 + 1001221?
1101020
In base 12, what is 261526 + -4?
261522
In base 14, what is 5bb - -156?
733
In base 7, what is 14 + 2136?
2153
In base 9, what is 23 - -270766?
270800
In base 6, what is 21 - 1431000?
-1430535
In base 4, what is -1220 + 10330213?
10322333
In base 10, what is -18 + -13369?
-13387
In base 12, what is -99a32 + 3?
-99a2b
In base 13, what is -50a8 + -2?
-50aa
In base 9, what is -443 + -2773?
-3326
In base 7, what is 10105316 - 1?
10105315
In base 2, what is 101010111101 - 10010?
101010101011
In base 2, what is -101 + -10110000101010?
-10110000101111
In base 10, what is 2440 - 2589?
-149
In base 13, what is -727c + 66?
-7216
In base 14, what is 21 - 5c0?
-59d
In base 14, what is -198b97 + -2?
-198b99
In base 7, what is -5 - -10411?
10403
In base 7, what is 13 + -32351?
-32335
In base 5, what is -11031101 + -3?
-11031104
In base 10, what is -27205 - 2?
-27207
In base 5, what is 1324312 - -3?
1324320
In base 8, what is 3256 + 14?
3272
In base 9, what is 6445 + 50?
6505
In base 15, what is 18 - 4a7?
-48e
In base 2, what is -1010010101011100 + -1100?
-1010010101101000
In base 8, what is 3421 - -4?
3425
In base 5, what is 31 - -142232?
142313
In base 14, what is 61d - -2b?
64a
In base 8, what is 41 + 201026?
201067
In base 16, what is 34eb + -3?
34e8
In base 14, what is -5 - -90914?
9090d
In base 3, what is 100022 - -112?
100211
In base 4, what is 3022311223 + 10?
3022311233
In base 3, what is 0 + -1021002011000?
-1021002011000
In base 4, what is 300021 + 30?
300111
In base 16, what is -5 + -2fa4?
-2fa9
In base 4, what is 10 + -1011232?
-1011222
In base 5, what is 24330 + -140?
24140
In base 9, what is 264224 + 12?
264236
In base 5, what is -4300 - -2234?
-2011
In base 9, what is -1212 + -267?
-1480
In base 15, what is 45 - 54?
-e
In base 5, what is -2204 + -1022?
-3231
In base 5, what is 2 + -224034?
-224032
In base 10, what is -12 + -57304?
-57316
In base 8, what is 1 - 4727?
-4726
In base 13, what is -2a + 250?
223
In base 6, what is 141 - 422?
-241
In base 8, what is 53 + 3076?
3151
In base 11, what is -38 + -38aa?
-3937
In base 10, what is -3603 + 74?
-3529
In base 6, what is 1 - -1030154?
1030155
In base 3, what is 211211 + 2221110?
10210021
In base 3, what is 11101112200112 + -11?
11101112200101
In base 13, what is -1bb69a + 4?
-1bb696
In base 8, what is 123 + 2772?
3115
In base 14, what is -2 - -212aa?
212a8
In base 13, what is -119706 + 0?
-119706
In base 6, what is -2410 + 114?
-2252
In base 10, what is 1144 + 25?
1169
In base 16, what is -b7 + 63f?
588
In base 12, what is -b8b - -244?
-947
In base 7, what is -16 + -4254?
-4303
In base 15, what is b3ce - 28?
b3a6
In base 2, what is 101 - 11011101001111110?
-11011101001111001
In base 8, what is 25076 + -464?
24412
In base 7, what is -126 - -42523?
42364
In base 16, what is -21 + cb4?
c93
In base 3, what is -10100 + 222001000?
221220200
In base 14, what is -27 + -6a2?
-6c9
In base 11, what is -4540 + -87?
-4617
In base 12, what is 3821 - -1?
3822
In base 12, what is 0 - -3054?
3054
In base 15, what is -350eb0 + 2?
-350ead
In base 11, what is -5430 - 4a9?
-5929
In base 6, what is 0 - 25204?
-25204
In base 4, what is -2310 - 20220?
-23130
In base 15, what is e + -6659?
-664a
In base 16, what is 22ea2d + -1?
22ea2c
In base 7, what is -23 + -53650?
-54003
In base 7, what is -2551 + -122?
-3003
In base 2, what is 1010011101111 + 10?
1010011110001
In base 15, what is -5 - 2e50?
-2e55
In base 14, what is -23c - 1c19?
-2057
In base 6, what is 310422 - 11?
310411
In base 12, what is 2 - -650?
652
In base 9, what is 4 - 133308?
-133304
In base 7, what is -5 - 14153?
-14161
In base 3, what is -22000220 - 11?
-22001001
In base 9, what is -356077 + 3?
-356074
In base 7, what is -5 + 125301?
125263
In base 3, what is 222 - 110020?
-102021
In base 16, what is 103c + 2e?
106a
In base 6, what is -5 + 103121?
103112
In base 7, what is -64263 - -13?
-64250
In base 5, what is 30 - 34104?
-34024
In base 14, what is -3 + -133bd?
-133c2
In base 5, what is 4434 + -1?
4433
In base 5, what is -1343 + -2244?
-4142
In base 13, what is 1bbb2 + 5?
1bbb7
In base 7, what is -4 - -11423345?
11423341
In base 6, what is 41105 + 2?
41111
In base 7, what is 2301 + 2441?
5042
In base 4, what is 1230 - 2301213?
-2233323
In base 16, what is -143a6 - 5?
-143ab
In base 14, what is -1ca - 157?
-343
In base 10, what is -3168 + 295?
-2873
In base 6, what is -3 + 105400?
105353
In base 13, what is 3aa3 - -2?
3aa5
In base 11, what is -6a + 165?
a6
In base 16, what is 5 + 33542?
33547
In base 4, what is 3221120 + -10?
3221110
In base 8, what is -542524 - 3?
-542527
In base 3, what is -221 - 22110121?
-22111112
In base 13, what is 7706 + -14?
76c2
In base 7, what is -1422 - 360?
-2112
In base 12, what is -4 + -2a621?
-2a625
In base 2, what is -11101000011 - 1101101?
-11110110000
In base 14, what is -224 - 3?
-227
In base 6, what is -315235 + 104?
-315131
In base 5, what is 144 + 11330?
12024
In base 8, what is 306 + 2?
310
In base 8, what is 12611 - -34?
12645
In base 6, what is 1134315 + 5?
1134324
In base 13, what is 302aa + 4?
302b1
In base 9, what is -538 - 2320?
-2858
In base 8, what is -20533 - 1174?
-21727
In base 11, what is 0 - 13052?
-13052
In base 8, what is 12713 + 3?
12716
In base 3, what is -10 + 122220112?
122220102
In base 13, what is 146b3 + 0?
146b3
In base 11, what is 66 + 214?
27a
In base 9, what is 24088 - 32?
24056
In base 14, what is -33 + -35c?
-391
In base 13, what is -b - 48221?
-4822c
In base 11, what is 1391a + 83?
139a2
In base 6, what is 132 + 1553?
2125
In base 4, what is 302013 + -10133?
231220
In base 2, what is -1110 + 101010001111?
101010000001
In base 8, what is -2717 - 262?
-3201
In base 7, what is -65432 + 66?
-65333
In base 8, what is -16016 + -6?
-16024
In base 15, what is c63 + c?
c70
In base 10, what is 37 - 1660?
-1623
In base 3, what is 2100 - -2000101?
2002201
In base 12, what is -4 - -1ba4b?
1ba47
In base 4, what is -11 - -21310032?
21310021
In base 12, what is -156a - a9?
-1657
In base 16, what is 562 + -5?
55d
In base 14, what is -289 + 104?
-185
In base 2, what is -110011000011111110110 - -10?
-110011000011111110100
In base 4, what is 3000310 - -3203?
3010113
In base 6, what is -315 + 12135?
11420
In base 4, what is -11 - -23321303?
23321232
In base 10, what is -161490 - 0?
-161490
In base 11, what is -2066 + 75?
-1aa1
In base 7, what is -3140 - -164?
-2643
In base 14, what is -538 + -36?
-570
In base 13, what is -297 - 1b?
-2b5
In base 3, what is 10222111121 + 1?
10222111122
In base 11, what is 8 - 2467a?
-24672
In base 13, what is 22 - -579?
59b
In base 5, what is 12340 + 32?
12422
In base 15, what is -1e - -3aea?
3acb
In base 3, what is 21010 - -101121212?
101212222
In base 11, what is 9739 + 21?
975a
In base 7, what is 1 + -245034?
-245033
In base 15, what is 4 + -c3a?
-c36
In base 10, what is 600 - -6009?
6609
In base 4, what is -32 + -131202?
-131300
In base 10, what is -394 - 143?
-537
In base 9, what is -5 - -407582?
407576
In base 12, what is 203 + -574?
-371
In base 4, what is 101223 + 210?
102033
In base 6, what is -3 + -32152?
-32155
In base 6, what is 1220 - -15?
1235
In base 10, what is 19343 - 0?
19343
In base 11, what is -13 - -215?
202
In base 4, what is -33 + -21100330?
-21101023
In base 2, what is 1110100110000011110011 - 11?
1110100110000011110000
In base 3, what is -1101 + -10022220?
-10101021
In base 7, what is 25040 - -3?
25043
In base 8, what is -3021 + 7?